+ -3). Suppose 2*h - f = -8*h. Calculate the highest common divisor of h and 7.
7
Suppose -33 = -6*z + 99. Let a be (-8)/(-3)*(-30)/(-8). Let j = z - a. What is the highest common divisor of 4 and j?
4
Suppose -4 + 5 = m. Let l be (-6)/21 + (-3882)/(-14) + m. Let d be (l - (3 + -6)) + 5. What is the highest common divisor of 26 and d?
26
Let w be (-1)/8 + (-6058)/(-208). Suppose -1216 = -4*d - 172. Suppose l + 8*l = d. Calculate the greatest common divisor of l and w.
29
Suppose -190 = 8*b - 3*b - 5*p, 80 = -2*b + 3*p. Let l = b - -39. Let r be (-6)/15 + (-354)/(-10). What is the highest common divisor of l and r?
5
Let u be 118 + 1 + 0 - (-31)/(-155)*-10. What is the greatest common factor of u and 275?
11
Let a = 1721 + -1360. Calculate the greatest common factor of 38 and a.
19
Let v be ((-7)/(14/(-8)))/(3/(-66600)*-5). What is the highest common factor of v and 96?
96
Let l be (74745/330)/((-1)/(-6)). What is the greatest common factor of l and 9?
9
Let k(w) = 3*w**3 - 7*w**2 + 29*w - 146. Let d be k(4). What is the highest common divisor of d and 6125?
25
Let q(u) = -u**3 + 62*u**2 + 85*u - 1826. Let g be q(61). What is the greatest common divisor of 18 and g?
6
Suppose 3*k + 3*w = 165 - 9, 5*w - 92 = -2*k. Calculate the highest common factor of 1442 and k.
14
Let m = -7341 + 7575. Suppose 61 + 191 = 7*f. What is the highest common divisor of f and m?
18
Let s(d) = 72*d**2 + 3*d - 1 - 3*d - d. Let i be s(-1). Let u = 801741 - 801733. What is the greatest common factor of i and u?
8
Let b be 268/(56/(-3234)*-11). Calculate the greatest common factor of 63 and b.
21
Let l(j) = 303*j**2 - 266*j + 796. Let s be l(3). Calculate the highest common divisor of 109 and s.
109
Suppose -14*u + 2044 = 35*u + 24*u. What is the highest common factor of 12068 and u?
28
Suppose -18*o - 140 = 22. Let h be (-26 - (1 + o))*(-4)/6. Calculate the greatest common divisor of 78 and h.
6
Suppose 0 = -4*l - 3*t + 30, -33*l + 14 = -30*l - 2*t. Calculate the greatest common divisor of 1758 and l.
6
Let c be (-5 + -261)/(0 + (-6)/21). Suppose 0 = -3*r + j + 929, 4*j - c = -3*r + 3*j. Calculate the greatest common factor of r and 186.
62
Suppose 0 = 2*k + 3*t - 525, -8*k - 797 = -11*k + 5*t. What is the greatest common divisor of 7656 and k?
264
Let l = 3594 + -3392. Calculate the greatest common factor of 3737 and l.
101
Let m = 119 - 110. Suppose -i + 3 = -0. Let x be (-407)/(-5) + ((-24)/20)/i. Calculate the highest common divisor of m and x.
9
Let a(q) = -q**3 + 23*q**2 + 55*q + 1059. Let x be a(-17). What is the greatest common divisor of 762 and x?
254
Let b = 246 - 145. Let y = b + -89. Calculate the highest common divisor of 21 and y.
3
Suppose -18*c = 858 - 7662. Calculate the greatest common divisor of c and 351.
27
Let a = 118 + -118. Suppose a = -l - 3*l + 12, 3*b - 165 = -5*l. What is the greatest common factor of 200 and b?
50
Suppose 0 = 4*q + 14 + 2. Let j be 29 - 31 - (q - 2/2). What is the highest common factor of j and 57?
3
Suppose 7*q - 9 = 5. Let a(h) = -h + 23. Let g be a(q). Suppose 4*i + 3*x = 3*i + g, -4*x = -2*i + 72. Calculate the greatest common divisor of i and 45.
15
Let t be ((60/(-144))/((-5)/(-153)))/(2/(-24)). Let q(y) = 5*y**2 - 2*y + 1. Let b be q(2). What is the greatest common divisor of b and t?
17
Suppose -178*w = -93*w - 83*w - 364. What is the greatest common factor of 1729 and w?
91
Let t be (48/7)/(-3) + (-2)/(-7). Let n be (3 + 63)*((-3)/t)/(-1). Let g be n/6*(-8)/4*1. Calculate the highest common divisor of g and 44.
11
Suppose 1371*y = 1362*y + 1377. Calculate the greatest common factor of y and 29223.
153
Let f = 585 + -581. Suppose 0 = 3*x - f*x + 143. Let s(y) = -8*y - 3. Let h be s(-2). What is the greatest common divisor of h and x?
13
Let t(v) = v + 8. Let m be t(-5). Suppose -i + 2*w = -126, m*w = 5*i + 6*w - 591. Suppose -18*g + 6*g = -i. Calculate the highest common divisor of 5 and g.
5
Suppose -272 = 4*o + 12*o. Let b(l) = 2*l**2 - 24*l - 34. Let r be b(o). Suppose -9*m + r = 5*m. What is the greatest common factor of m and 4?
4
Let s be (67 + -64)/((-2)/(-18)). Let t = 45 + 0. Calculate the highest common divisor of t and s.
9
Suppose -2*h + 1430 = 232. Let x = -305 + h. What is the greatest common divisor of x and 42?
42
Let z be 3979/3 - 50/10*8/30. What is the greatest common factor of 371 and z?
53
Let c be (2 + 1)*2296/24. Suppose -6*w = 4*f - 4*w - 286, -w = 4*f - c. Calculate the greatest common factor of 6 and f.
6
Suppose 0 = 15*h + 68 - 308. Suppose -h*b + 51 + 77 = 0. Suppose -3*d = 2*d - 60. Calculate the highest common factor of b and d.
4
Let t = -25225 - -25258. What is the highest common divisor of t and 2552?
11
Suppose -33*l + 412 = -2089 + 521. What is the greatest common factor of l and 132?
12
Let a(l) = l**2 + 60*l + 411. Let p be a(-6). What is the highest common divisor of 3567 and p?
87
Let s(m) = 3*m**3 - 4*m**2 + 5*m - 4. Let y be s(3). Suppose -z - 2*n + 236 = 0, -5*z + 3*n + 621 = -481. Calculate the greatest common divisor of y and z.
56
Suppose 456 = j - 2*m, -5*j + 71*m - 69*m = -2232. Calculate the highest common factor of j and 192.
12
Let b be 183 - (0 + 1)/(-1). Suppose 6*s + 14*s - 4181 = 419. Calculate the greatest common factor of s and b.
46
Let i = -27 + 232. Let a = -86 - -250. Calculate the greatest common divisor of a and i.
41
Let g be (3 - 2)*(-4)/12*-15. Suppose -3*f = 4*m - f - 358, -g*m = -2*f - 425. What is the highest common divisor of 6 and m?
3
Suppose 4*l + 28 = 2*n, 55*n - 52*n = 2*l + 42. What is the highest common factor of 98 and n?
14
Let q(j) = j**2 - 4*j. Let f be q(6). Suppose 302*z - 297*z = -4*w + 1896, 1164 = 3*z - 2*w. Calculate the greatest common divisor of z and f.
12
Let o be -6 - ((-11 - 299) + -11). What is the greatest common factor of o and 189?
63
Let t be (45/10)/(5/(-10)). Let p be -1*-2*5*t/(-6). Suppose 13*d + 40 = p*d. What is the highest common factor of d and 140?
20
Let h(n) = -n**3 - 25*n**2 - 2*n + 2640. Let u be h(0). Calculate the greatest common divisor of 80 and u.
80
Let z be 218/2 + (4 + 4 - 9). Calculate the greatest common divisor of z and 918.
54
Let j be (-28)/(-21)*(-78)/(-4). Suppose 9 - 50 = t. Let x = -15 - t. Calculate the greatest common factor of j and x.
26
Let g(x) = -6*x + x + 0*x + 1. Let m be g(-4). Let s be (-198)/(-231)*98/6. What is the greatest common factor of m and s?
7
Let m be 5*-1 + 2 - (1 - 6). Suppose 799 + 1041 = m*i. Suppose -3*k = 2*k - i. What is the highest common divisor of 46 and k?
46
Let l(p) = -6*p**2 - 42*p + 1. Let v be l(-7). Let s be 26 - (v + 0 + -5). What is the highest common factor of s and 270?
30
Let b be -28*(38/8)/(-19). What is the highest common factor of 721 and b?
7
Suppose -400*l - 203966 - 52066 = -463*l. Calculate the greatest common factor of 381 and l.
127
Let z(h) = -25*h**2 + 807*h + 7. Let u be z(30). What is the greatest common factor of 17 and u?
17
Let o(a) = 18*a**3 + 17*a**3 - 2*a**2 - 5*a**3 - 2 + 3*a - a. Let b be o(1). Calculate the highest common factor of 154 and b.
14
Suppose 35*y + 660 = 41*y. Suppose 4*m + 2*v = y + 62, 3*m - 4*v - 140 = 0. Calculate the greatest common divisor of m and 1364.
44
Let a = -25 - -23. Let u(s) = 18*s**3 + 2*s**2 + 4*s - 1. Let g be u(a). Let j = 31 - g. Calculate the greatest common divisor of 16 and j.
16
Suppose 0*z - 15 = -4*z - r, 2*r = -2*z + 12. What is the highest common factor of 7 and z?
1
Suppose 572*a = -2*m + 573*a + 500, -2*a - 747 = -3*m. What is the highest common divisor of 1150 and m?
23
Let p = 15328 - 15306. Let a(n) = n + 2. Let y be a(-1). Let l(m) = 55*m**3 + m**2 - 2*m + 1. Let v be l(y). What is the greatest common factor of v and p?
11
Suppose 24864 = 31*v + 11*v - 10*v. Calculate the highest common factor of 21 and v.
21
Suppose -2*s = -2*d - 13 + 67, 87 = 3*d - s. Suppose 0 = -11*t + 13*t - 150. Calculate the highest common factor of t and d.
15
Let s be 2/(-9) - (-616)/18. Suppose -8*k = -32*k + 2040. What is the greatest common factor of k and s?
17
Suppose 0 = 83*g - 166405 + 48628. What is the greatest common factor of g and 86?
43
Suppose 4*h = c + 4 + 7, 0 = -4*c + 4*h + 4. Suppose 2*d - c*k - 398 = 0, -899 - 50 = -5*d + k. Calculate the greatest common divisor of 27 and d.
27
Le